{"id":366,"date":"2025-01-01T20:18:57","date_gmt":"2025-01-01T20:18:57","guid":{"rendered":"https:\/\/sentidosecoparque.com.ar\/web\/?page_id=366"},"modified":"2025-01-01T21:11:17","modified_gmt":"2025-01-01T21:11:17","slug":"terminos-y-condiciones-de-sentidos-ecoparque","status":"publish","type":"page","link":"https:\/\/sentidosecoparque.com.ar\/web\/terminos-y-condiciones-de-sentidos-ecoparque\/","title":{"rendered":"T\u00e9rminos y condiciones de Sentidos Ecoparque"},"content":{"rendered":"\n<p>\u00c9stos son algunos t\u00e9rminos y condiciones aplicables en nuestro parque acu\u00e1tico.<br><\/p>\n\n\n\n<p>Sentidos Ecoparque no se responsabiliza por los accidentes y da\u00f1os personales ocurridos por negligencia o descuido en nuestro parque. Los menores, ni\u00f1os y adolescentes, son responsabilidad exclusiva de sus padres, tutores y\/o representantes. <\/p>\n\n\n\n<p>Sentidos Ecoparque no est\u00e1 obligada a la devoluci\u00f3n de entradas (o su monto en dinero) ni al cambio de d\u00eda en el ingreso en caso de mal clima: es decir cuando llueva, granice, haga mucho fr\u00edo o cualquier otra situaci\u00f3n meteorol\u00f3gica que pudiera alterar el normal uso del parque y las piletas.<\/p>\n\n\n\n<p>Ante cualquier consulta comun\u00edquese a trav\u00e9s de WhasApp<\/p>\n","protected":false},"excerpt":{"rendered":"<p>\u00c9stos son algunos t\u00e9rminos y condiciones aplicables en nuestro parque acu\u00e1tico. Sentidos Ecoparque no se responsabiliza por los accidentes y [&hellip;]<\/p>\n","protected":false},"author":2,"featured_media":0,"parent":0,"menu_order":0,"comment_status":"closed","ping_status":"closed","template":"","meta":{"site-sidebar-layout":"default","site-content-layout":"","ast-site-content-layout":"default","site-content-style":"default","site-sidebar-style":"default","ast-global-header-display":"","ast-banner-title-visibility":"","ast-main-header-display":"","ast-hfb-above-header-display":"","ast-hfb-below-header-display":"","ast-hfb-mobile-header-display":"","site-post-title":"","ast-breadcrumbs-content":"","ast-featured-img":"","footer-sml-layout":"","ast-disable-related-posts":"","theme-transparent-header-meta":"","adv-header-id-meta":"","stick-header-meta":"","header-above-stick-meta":"","header-main-stick-meta":"","header-below-stick-meta":"","astra-migrate-meta-layouts":"default","ast-page-background-enabled":"default","ast-page-background-meta":{"desktop":{"background-color":"var(--ast-global-color-4)","background-image":"","background-repeat":"repeat","background-position":"center center","background-size":"auto","background-attachment":"scroll","background-type":"","background-media":"","overlay-type":"","overlay-color":"","overlay-opacity":"","overlay-gradient":""},"tablet":{"background-color":"","background-image":"","background-repeat":"repeat","background-position":"center center","background-size":"auto","background-attachment":"scroll","background-type":"","background-media":"","overlay-type":"","overlay-color":"","overlay-opacity":"","overlay-gradient":""},"mobile":{"background-color":"","background-image":"","background-repeat":"repeat","background-position":"center center","background-size":"auto","background-attachment":"scroll","background-type":"","background-media":"","overlay-type":"","overlay-color":"","overlay-opacity":"","overlay-gradient":""}},"ast-content-background-meta":{"desktop":{"background-color":"var(--ast-global-color-5)","background-image":"","background-repeat":"repeat","background-position":"center center","background-size":"auto","background-attachment":"scroll","background-type":"","background-media":"","overlay-type":"","overlay-color":"","overlay-opacity":"","overlay-gradient":""},"tablet":{"background-color":"var(--ast-global-color-5)","background-image":"","background-repeat":"repeat","background-position":"center center","background-size":"auto","background-attachment":"scroll","background-type":"","background-media":"","overlay-type":"","overlay-color":"","overlay-opacity":"","overlay-gradient":""},"mobile":{"background-color":"var(--ast-global-color-5)","background-image":"","background-repeat":"repeat","background-position":"center center","background-size":"auto","background-attachment":"scroll","background-type":"","background-media":"","overlay-type":"","overlay-color":"","overlay-opacity":"","overlay-gradient":""}},"footnotes":""},"class_list":["post-366","page","type-page","status-publish","hentry"],"jetpack_sharing_enabled":true,"_links":{"self":[{"href":"https:\/\/sentidosecoparque.com.ar\/web\/wp-json\/wp\/v2\/pages\/366","targetHints":{"allow":["GET"]}}],"collection":[{"href":"https:\/\/sentidosecoparque.com.ar\/web\/wp-json\/wp\/v2\/pages"}],"about":[{"href":"https:\/\/sentidosecoparque.com.ar\/web\/wp-json\/wp\/v2\/types\/page"}],"author":[{"embeddable":true,"href":"https:\/\/sentidosecoparque.com.ar\/web\/wp-json\/wp\/v2\/users\/2"}],"replies":[{"embeddable":true,"href":"https:\/\/sentidosecoparque.com.ar\/web\/wp-json\/wp\/v2\/comments?post=366"}],"version-history":[{"count":3,"href":"https:\/\/sentidosecoparque.com.ar\/web\/wp-json\/wp\/v2\/pages\/366\/revisions"}],"predecessor-version":[{"id":374,"href":"https:\/\/sentidosecoparque.com.ar\/web\/wp-json\/wp\/v2\/pages\/366\/revisions\/374"}],"wp:attachment":[{"href":"https:\/\/sentidosecoparque.com.ar\/web\/wp-json\/wp\/v2\/media?parent=366"}],"curies":[{"name":"wp","href":"https:\/\/api.w.org\/{rel}","templated":true}]}}